{"id":194,"date":"2023-01-06T03:56:31","date_gmt":"2023-01-06T03:56:31","guid":{"rendered":"https:\/\/gaviaspreview.com\/wp\/modins\/?page_id=194"},"modified":"2024-06-07T17:23:48","modified_gmt":"2024-06-07T14:23:48","slug":"supermarketler","status":"publish","type":"page","link":"https:\/\/cankoretiket4.flexyazilim.com.tr\/index.php\/insurance\/supermarketler\/","title":{"rendered":"S\u00fcpermarketler"},"content":{"rendered":"\t\t<div data-elementor-type=\"wp-page\" data-elementor-id=\"194\" class=\"elementor elementor-194\">\n\t\t\t\t\t\t<section class=\"elementor-section elementor-top-section elementor-element elementor-element-36ed319 elementor-section-boxed elementor-section-height-default elementor-section-height-default\" data-id=\"36ed319\" data-element_type=\"section\">\n\t\t\t\t\t\t<div class=\"elementor-container elementor-column-gap-default\">\n\t\t\t\t\t<div class=\"elementor-column elementor-col-100 elementor-top-column elementor-element elementor-element-846090a\" data-id=\"846090a\" data-element_type=\"column\">\n\t\t\t<div class=\"elementor-widget-wrap elementor-element-populated\">\n\t\t\t\t\t\t<div class=\"elementor-element elementor-element-1626934 elementor-widget elementor-widget-gva-gallery\" data-id=\"1626934\" data-element_type=\"widget\" data-widget_type=\"gva-gallery.default\">\n\t\t\t\t<div class=\"elementor-widget-container\">\n\t\t\t<div class=\"gva-element-gva-gallery gva-element\">\r\n<div class=\"gva-gallery-carousel swiper-slider-wrapper style-1 \">\r\n\t<div class=\"swiper-content-inner\">\r\n   \t<div class=\"init-carousel-swiper swiper\" data-carousel=\"{&quot;items&quot;:1,&quot;items_lg&quot;:1,&quot;items_md&quot;:1,&quot;items_sm&quot;:1,&quot;items_xs&quot;:1,&quot;items_xx&quot;:1,&quot;effect&quot;:&quot;slide&quot;,&quot;space_between&quot;:30,&quot;loop&quot;:1,&quot;speed&quot;:600,&quot;autoplay&quot;:1,&quot;autoplay_delay&quot;:4500,&quot;autoplay_hover&quot;:1,&quot;navigation&quot;:1,&quot;pagination&quot;:0,&quot;dynamic_bullets&quot;:0,&quot;pagination_type&quot;:&quot;bullets&quot;}\">\r\n      \t<div class=\"swiper-wrapper\">\r\n\t\t\t\t<div class=\"swiper-slide item\"><div class=\"gallery-one__single\"><div class=\"gallery-one__image\"><img decoding=\"async\" src=\"https:\/\/cankoretiket4.flexyazilim.com.tr\/wp-content\/uploads\/2024\/05\/close-up-gifts-shopping-bag-against-red-background-scaled.jpg\" alt=\"\" \/><\/div><a class=\"gallery-one__photo photo-gallery\" href=\"http:\/\/cankoretiket4.flexyazilim.com.tr\/wp-content\/uploads\/2024\/05\/close-up-gifts-shopping-bag-against-red-background-scaled.jpg\" data-elementor-lightbox-slideshow=\"gallery-toi8\"><\/a><div class=\"gallery-one__content\"><div class=\"gallery-one__content-inner\"><\/div><\/div><\/div><\/div>\t\t\t<\/div>\r\n\t\t<\/div>\r\n\t<\/div>\r\n\t<div class=\"swiper-pagination\"><\/div>   <div class=\"swiper-nav-next\"><\/div><div class=\"swiper-nav-prev\"><\/div><\/div>\r\n<\/div>\t\t<\/div>\n\t\t\t\t<\/div>\n\t\t\t\t<div class=\"elementor-element elementor-element-cb4696b elementor-widget elementor-widget-heading\" data-id=\"cb4696b\" data-element_type=\"widget\" data-widget_type=\"heading.default\">\n\t\t\t\t<div class=\"elementor-widget-container\">\n\t\t\t<h2 class=\"elementor-heading-title elementor-size-default\">S\u00fcpermarketler<\/h2>\t\t<\/div>\n\t\t\t\t<\/div>\n\t\t\t\t<div class=\"elementor-element elementor-element-e76af47 elementor-widget elementor-widget-text-editor\" data-id=\"e76af47\" data-element_type=\"widget\" data-widget_type=\"text-editor.default\">\n\t\t\t\t<div class=\"elementor-widget-container\">\n\t\t\t\t\t\t\t<p>\u015eirketimiz, s\u00fcpermarketler i\u00e7in \u00e7e\u015fitli etiket \u00e7\u00f6z\u00fcmleri sunmaktad\u0131r.<\/p><ul><li>Raf etiketleri<\/li><li>Terazi etiketleri<\/li><li>Barcode (barkod) etiketleri<\/li><li>S\u0131v\u0131 sabun etiketleri<\/li><li>Bula\u015f\u0131k deterjan\u0131 etiketleri<\/li><li>\u00c7ama\u015f\u0131r suyu etiketleri<\/li><li>Kire\u00e7 \u00e7\u00f6z\u00fcc\u00fc etiketleri<\/li><li>Oda parf\u00fcm\u00fc etiketleri<\/li><li>Y\u00fczey temizleme jelleri etiketleri<\/li><li>\u0130\u00e7ecek etiketleri<\/li><\/ul><p>M\u00fc\u015fterilerimizin ihtiya\u00e7lar\u0131na y\u00f6nelik olarak, her bir \u00fcr\u00fcn i\u00e7in \u00f6zel olarak tasarlanm\u0131\u015f ve kaliteli etiketler sunuyoruz. \u00dcr\u00fcnlerimiz dayan\u0131kl\u0131 malzemelerden \u00fcretilmi\u015f olup, uzun s\u00fcreli kullan\u0131m i\u00e7in uygundur. Ayr\u0131ca, barkod etiketleri gibi \u00f6zel gereksinimlere y\u00f6nelik \u00e7\u00f6z\u00fcmler de sunmaktay\u0131z<\/p>\t\t\t\t\t\t<\/div>\n\t\t\t\t<\/div>\n\t\t\t\t<div class=\"elementor-element elementor-element-9d9f136 elementor-widget elementor-widget-text-editor\" data-id=\"9d9f136\" data-element_type=\"widget\" data-widget_type=\"text-editor.default\">\n\t\t\t\t<div class=\"elementor-widget-container\">\n\t\t\t\t\t\t\t<p>Firmam\u0131z, s\u00fcpermarketlerde kullan\u0131lan etiketlerin m\u00fc\u015fterilerin dikkatini \u00e7ekmesini ve \u00fcr\u00fcnlerin do\u011fru tan\u0131t\u0131m\u0131n\u0131 yapmas\u0131n\u0131 sa\u011flayacak \u00e7\u00f6z\u00fcmler sunmay\u0131 ama\u00e7lamaktad\u0131r. Kalite, g\u00fcvenilirlik ve m\u00fc\u015fteri memnuniyeti ilkelerimiz do\u011frultusunda \u00e7al\u0131\u015farak, m\u00fc\u015fterilerimizin beklentilerini kar\u015f\u0131lamay\u0131 ve \u00fcr\u00fcnlerinin pazarda \u00f6ne \u00e7\u0131kmas\u0131n\u0131 sa\u011flamay\u0131 hedeflemekteyiz.<\/p>\t\t\t\t\t\t<\/div>\n\t\t\t\t<\/div>\n\t\t\t\t<div class=\"elementor-element elementor-element-4ec23f9 elementor-widget elementor-widget-accordion\" data-id=\"4ec23f9\" data-element_type=\"widget\" data-widget_type=\"accordion.default\">\n\t\t\t\t<div class=\"elementor-widget-container\">\n\t\t\t\t\t<div class=\"elementor-accordion\">\n\t\t\t\t\t\t\t<div class=\"elementor-accordion-item\">\n\t\t\t\t\t<div id=\"elementor-tab-title-8251\" class=\"elementor-tab-title\" data-tab=\"1\" role=\"button\" aria-controls=\"elementor-tab-content-8251\" aria-expanded=\"false\">\n\t\t\t\t\t\t\t\t\t\t\t\t\t<span class=\"elementor-accordion-icon elementor-accordion-icon-left\" aria-hidden=\"true\">\n\t\t\t\t\t\t\t\t\t\t\t\t\t\t\t<span class=\"elementor-accordion-icon-closed\"><i class=\"fas fa-plus\"><\/i><\/span>\n\t\t\t\t\t\t\t\t<span class=\"elementor-accordion-icon-opened\"><i class=\"fas fa-minus\"><\/i><\/span>\n\t\t\t\t\t\t\t\t\t\t\t\t\t\t<\/span>\n\t\t\t\t\t\t\t\t\t\t\t\t<a class=\"elementor-accordion-title\" tabindex=\"0\">S\u00fcpermarket etiketleri ne i\u015fe yarar?<\/a>\n\t\t\t\t\t<\/div>\n\t\t\t\t\t<div id=\"elementor-tab-content-8251\" class=\"elementor-tab-content elementor-clearfix\" data-tab=\"1\" role=\"region\" aria-labelledby=\"elementor-tab-title-8251\"><p>S\u00fcpermarket etiketleri, \u00fcr\u00fcn fiyatlar\u0131n\u0131, barkodlar\u0131 ve \u00fcr\u00fcn bilgilerini g\u00f6sterir, t\u00fcketicilere bilgi sa\u011flar ve sat\u0131\u015f s\u00fcrecini kolayla\u015ft\u0131r\u0131r.<\/p><\/div>\n\t\t\t\t<\/div>\n\t\t\t\t\t\t\t<div class=\"elementor-accordion-item\">\n\t\t\t\t\t<div id=\"elementor-tab-title-8252\" class=\"elementor-tab-title\" data-tab=\"2\" role=\"button\" aria-controls=\"elementor-tab-content-8252\" aria-expanded=\"false\">\n\t\t\t\t\t\t\t\t\t\t\t\t\t<span class=\"elementor-accordion-icon elementor-accordion-icon-left\" aria-hidden=\"true\">\n\t\t\t\t\t\t\t\t\t\t\t\t\t\t\t<span class=\"elementor-accordion-icon-closed\"><i class=\"fas fa-plus\"><\/i><\/span>\n\t\t\t\t\t\t\t\t<span class=\"elementor-accordion-icon-opened\"><i class=\"fas fa-minus\"><\/i><\/span>\n\t\t\t\t\t\t\t\t\t\t\t\t\t\t<\/span>\n\t\t\t\t\t\t\t\t\t\t\t\t<a class=\"elementor-accordion-title\" tabindex=\"0\">S\u00fcpermarket etiketleri nas\u0131l \u00fcretilir?<\/a>\n\t\t\t\t\t<\/div>\n\t\t\t\t\t<div id=\"elementor-tab-content-8252\" class=\"elementor-tab-content elementor-clearfix\" data-tab=\"2\" role=\"region\" aria-labelledby=\"elementor-tab-title-8252\"><p>S\u00fcpermarket etiketleri, dayan\u0131kl\u0131 ka\u011f\u0131t veya plastik malzemelerden \u00fcretilir ve suya, ya\u011fa ve di\u011fer market ko\u015fullar\u0131na dayan\u0131kl\u0131 olmal\u0131d\u0131r. Termal bask\u0131 ve dijital bask\u0131 teknikleri s\u0131k\u00e7a kullan\u0131l\u0131r.<\/p><\/div>\n\t\t\t\t<\/div>\n\t\t\t\t\t\t\t<div class=\"elementor-accordion-item\">\n\t\t\t\t\t<div id=\"elementor-tab-title-8253\" class=\"elementor-tab-title\" data-tab=\"3\" role=\"button\" aria-controls=\"elementor-tab-content-8253\" aria-expanded=\"false\">\n\t\t\t\t\t\t\t\t\t\t\t\t\t<span class=\"elementor-accordion-icon elementor-accordion-icon-left\" aria-hidden=\"true\">\n\t\t\t\t\t\t\t\t\t\t\t\t\t\t\t<span class=\"elementor-accordion-icon-closed\"><i class=\"fas fa-plus\"><\/i><\/span>\n\t\t\t\t\t\t\t\t<span class=\"elementor-accordion-icon-opened\"><i class=\"fas fa-minus\"><\/i><\/span>\n\t\t\t\t\t\t\t\t\t\t\t\t\t\t<\/span>\n\t\t\t\t\t\t\t\t\t\t\t\t<a class=\"elementor-accordion-title\" tabindex=\"0\">S\u00fcpermarket etiketlerinin avantajlar\u0131 nelerdir?<\/a>\n\t\t\t\t\t<\/div>\n\t\t\t\t\t<div id=\"elementor-tab-content-8253\" class=\"elementor-tab-content elementor-clearfix\" data-tab=\"3\" role=\"region\" aria-labelledby=\"elementor-tab-title-8253\"><p>Bu etiketler, \u00fcr\u00fcn bilgilerini a\u00e7\u0131k\u00e7a ileterek m\u00fc\u015fteri memnuniyetini art\u0131r\u0131r, sat\u0131\u015f s\u00fcrecini h\u0131zland\u0131r\u0131r, stok y\u00f6netimini kolayla\u015ft\u0131r\u0131r ve promosyonlar\u0131 destekler.<\/p><\/div>\n\t\t\t\t<\/div>\n\t\t\t\t\t\t\t\t<\/div>\n\t\t\t\t<\/div>\n\t\t\t\t<\/div>\n\t\t\t\t<div class=\"elementor-element elementor-element-52b4170 elementor-widget elementor-widget-spacer\" data-id=\"52b4170\" data-element_type=\"widget\" data-widget_type=\"spacer.default\">\n\t\t\t\t<div class=\"elementor-widget-container\">\n\t\t\t\t\t<div class=\"elementor-spacer\">\n\t\t\t<div class=\"elementor-spacer-inner\"><\/div>\n\t\t<\/div>\n\t\t\t\t<\/div>\n\t\t\t\t<\/div>\n\t\t\t\t\t<\/div>\n\t\t<\/div>\n\t\t\t\t\t<\/div>\n\t\t<\/section>\n\t\t\t\t<\/div>\n\t\t","protected":false},"excerpt":{"rendered":"<p>S\u00fcpermarketler \u015eirketimiz, s\u00fcpermarketler i\u00e7in \u00e7e\u015fitli etiket \u00e7\u00f6z\u00fcmleri sunmaktad\u0131r. Raf etiketleri Terazi etiketleri Barcode (barkod) etiketleri S\u0131v\u0131 sabun etiketleri Bula\u015f\u0131k deterjan\u0131 etiketleri \u00c7ama\u015f\u0131r suyu etiketleri Kire\u00e7 \u00e7\u00f6z\u00fcc\u00fc etiketleri Oda parf\u00fcm\u00fc etiketleri [&hellip;]<\/p>\n","protected":false},"author":1,"featured_media":0,"parent":37,"menu_order":0,"comment_status":"closed","ping_status":"closed","template":"","meta":{"footnotes":""},"class_list":["post-194","page","type-page","status-publish","hentry"],"_links":{"self":[{"href":"https:\/\/cankoretiket4.flexyazilim.com.tr\/index.php\/wp-json\/wp\/v2\/pages\/194","targetHints":{"allow":["GET"]}}],"collection":[{"href":"https:\/\/cankoretiket4.flexyazilim.com.tr\/index.php\/wp-json\/wp\/v2\/pages"}],"about":[{"href":"https:\/\/cankoretiket4.flexyazilim.com.tr\/index.php\/wp-json\/wp\/v2\/types\/page"}],"author":[{"embeddable":true,"href":"https:\/\/cankoretiket4.flexyazilim.com.tr\/index.php\/wp-json\/wp\/v2\/users\/1"}],"replies":[{"embeddable":true,"href":"https:\/\/cankoretiket4.flexyazilim.com.tr\/index.php\/wp-json\/wp\/v2\/comments?post=194"}],"version-history":[{"count":10,"href":"https:\/\/cankoretiket4.flexyazilim.com.tr\/index.php\/wp-json\/wp\/v2\/pages\/194\/revisions"}],"predecessor-version":[{"id":808,"href":"https:\/\/cankoretiket4.flexyazilim.com.tr\/index.php\/wp-json\/wp\/v2\/pages\/194\/revisions\/808"}],"up":[{"embeddable":true,"href":"https:\/\/cankoretiket4.flexyazilim.com.tr\/index.php\/wp-json\/wp\/v2\/pages\/37"}],"wp:attachment":[{"href":"https:\/\/cankoretiket4.flexyazilim.com.tr\/index.php\/wp-json\/wp\/v2\/media?parent=194"}],"curies":[{"name":"wp","href":"https:\/\/api.w.org\/{rel}","templated":true}]}}