{"id":197,"date":"2023-01-06T03:57:09","date_gmt":"2023-01-06T03:57:09","guid":{"rendered":"https:\/\/gaviaspreview.com\/wp\/modins\/?page_id=197"},"modified":"2024-06-07T17:15:02","modified_gmt":"2024-06-07T14:15:02","slug":"gida","status":"publish","type":"page","link":"https:\/\/cankoretiket4.flexyazilim.com.tr\/index.php\/insurance\/gida\/","title":{"rendered":"G\u0131da"},"content":{"rendered":"\t\t<div data-elementor-type=\"wp-page\" data-elementor-id=\"197\" class=\"elementor elementor-197\">\n\t\t\t\t\t\t<section class=\"elementor-section elementor-top-section elementor-element elementor-element-bdcf0b0 elementor-section-boxed elementor-section-height-default elementor-section-height-default\" data-id=\"bdcf0b0\" data-element_type=\"section\">\n\t\t\t\t\t\t<div class=\"elementor-container elementor-column-gap-default\">\n\t\t\t\t\t<div class=\"elementor-column elementor-col-100 elementor-top-column elementor-element elementor-element-a94572c\" data-id=\"a94572c\" data-element_type=\"column\">\n\t\t\t<div class=\"elementor-widget-wrap elementor-element-populated\">\n\t\t\t\t\t\t<div class=\"elementor-element elementor-element-44aa6e3 elementor-widget elementor-widget-gva-gallery\" data-id=\"44aa6e3\" data-element_type=\"widget\" data-widget_type=\"gva-gallery.default\">\n\t\t\t\t<div class=\"elementor-widget-container\">\n\t\t\t<div class=\"gva-element-gva-gallery gva-element\">\r\n<div class=\"gva-gallery-carousel swiper-slider-wrapper style-1 \">\r\n\t<div class=\"swiper-content-inner\">\r\n   \t<div class=\"init-carousel-swiper swiper\" data-carousel=\"{&quot;items&quot;:1,&quot;items_lg&quot;:1,&quot;items_md&quot;:1,&quot;items_sm&quot;:1,&quot;items_xs&quot;:1,&quot;items_xx&quot;:1,&quot;effect&quot;:&quot;slide&quot;,&quot;space_between&quot;:30,&quot;loop&quot;:1,&quot;speed&quot;:600,&quot;autoplay&quot;:1,&quot;autoplay_delay&quot;:4500,&quot;autoplay_hover&quot;:1,&quot;navigation&quot;:1,&quot;pagination&quot;:0,&quot;dynamic_bullets&quot;:0,&quot;pagination_type&quot;:&quot;bullets&quot;}\">\r\n      \t<div class=\"swiper-wrapper\">\r\n\t\t\t\t<div class=\"swiper-slide item\"><div class=\"gallery-one__single\"><div class=\"gallery-one__image\"><img decoding=\"async\" src=\"https:\/\/cankoretiket4.flexyazilim.com.tr\/wp-content\/uploads\/2024\/05\/directly-shot-spice-packets-with-wooden-spoon-table-1-scaled.jpg\" alt=\"\" \/><\/div><a class=\"gallery-one__photo photo-gallery\" href=\"http:\/\/cankoretiket4.flexyazilim.com.tr\/wp-content\/uploads\/2024\/05\/directly-shot-spice-packets-with-wooden-spoon-table-1-scaled.jpg\" data-elementor-lightbox-slideshow=\"gallery-p5zg\"><\/a><div class=\"gallery-one__content\"><div class=\"gallery-one__content-inner\"><\/div><\/div><\/div><\/div>\t\t\t<\/div>\r\n\t\t<\/div>\r\n\t<\/div>\r\n\t<div class=\"swiper-pagination\"><\/div>   <div class=\"swiper-nav-next\"><\/div><div class=\"swiper-nav-prev\"><\/div><\/div>\r\n<\/div>\t\t<\/div>\n\t\t\t\t<\/div>\n\t\t\t\t<div class=\"elementor-element elementor-element-2d9b458 elementor-widget elementor-widget-heading\" data-id=\"2d9b458\" data-element_type=\"widget\" data-widget_type=\"heading.default\">\n\t\t\t\t<div class=\"elementor-widget-container\">\n\t\t\t<h2 class=\"elementor-heading-title elementor-size-default\">GIDA<\/h2>\t\t<\/div>\n\t\t\t\t<\/div>\n\t\t\t\t<div class=\"elementor-element elementor-element-81cf5dd elementor-widget elementor-widget-text-editor\" data-id=\"81cf5dd\" data-element_type=\"widget\" data-widget_type=\"text-editor.default\">\n\t\t\t\t<div class=\"elementor-widget-container\">\n\t\t\t\t\t\t\t<p>\u015eirketimiz, g\u0131da sekt\u00f6r\u00fcnde kullan\u0131lan \u00e7e\u015fitli etiket \u00e7\u00f6z\u00fcmleri sunmaktad\u0131r.<\/p><ul><li>Su ve i\u00e7ecek etiketleri<\/li><li>\u015earap, rak\u0131 etiketleri<\/li><li>Tatl\u0131, \u015fekerleme, lokum etiketleri<\/li><li>S\u00fct ve s\u00fct \u00fcr\u00fcnleri etiketleri<\/li><li>Et ve et \u00fcr\u00fcnleri etiketleri<\/li><li>Unlu mam\u00fcller etiketleri<\/li><li>Bal, re\u00e7el etiketleri<\/li><li>Zeytinya\u011f\u0131 etiketleri<\/li><li>\u00c7i\u00e7ek ya\u011f\u0131 etiketleri<\/li><li>S\u0131v\u0131 ya\u011f etiketleri<\/li><li>Bitkisel ya\u011f etiketleri<\/li><li>Ket\u00e7ap, mayonez etiketleri<\/li><\/ul><p>M\u00fc\u015fterilerimizin taleplerine uygun olarak, her bir \u00fcr\u00fcn i\u00e7in \u00f6zel olarak tasarlanm\u0131\u015f etiketler sunuyoruz. \u00dcr\u00fcnlerimiz g\u0131da g\u00fcvenli\u011fi standartlar\u0131na uygun malzemelerden \u00fcretilir ve hijyenik ko\u015fullarda i\u015flenir. Ayr\u0131ca, \u00fcr\u00fcn ambalajlar\u0131n\u0131z\u0131n estetik g\u00f6r\u00fcn\u00fcm\u00fcn\u00fc ve marka kimli\u011finizi yans\u0131tacak \u00e7e\u015fitli tasar\u0131m se\u00e7enekleri de sunmaktay\u0131z.<\/p>\t\t\t\t\t\t<\/div>\n\t\t\t\t<\/div>\n\t\t\t\t<div class=\"elementor-element elementor-element-81979e5 elementor-widget elementor-widget-text-editor\" data-id=\"81979e5\" data-element_type=\"widget\" data-widget_type=\"text-editor.default\">\n\t\t\t\t<div class=\"elementor-widget-container\">\n\t\t\t\t\t\t\t<p>\u015eirketimiz, kalite, g\u00fcvenilirlik ve m\u00fc\u015fteri memnuniyeti ilkeleri do\u011frultusunda \u00e7al\u0131\u015farak, m\u00fc\u015fterilerimizin ihtiya\u00e7lar\u0131n\u0131 en iyi \u015fekilde kar\u015f\u0131lamay\u0131 ve \u00fcr\u00fcnlerinin pazarda \u00f6ne \u00e7\u0131kmas\u0131n\u0131 sa\u011flamay\u0131 hedeflemektedir.<\/p>\t\t\t\t\t\t<\/div>\n\t\t\t\t<\/div>\n\t\t\t\t<div class=\"elementor-element elementor-element-b8e85e8 elementor-widget elementor-widget-accordion\" data-id=\"b8e85e8\" data-element_type=\"widget\" data-widget_type=\"accordion.default\">\n\t\t\t\t<div class=\"elementor-widget-container\">\n\t\t\t\t\t<div class=\"elementor-accordion\">\n\t\t\t\t\t\t\t<div class=\"elementor-accordion-item\">\n\t\t\t\t\t<div id=\"elementor-tab-title-1931\" class=\"elementor-tab-title\" data-tab=\"1\" role=\"button\" aria-controls=\"elementor-tab-content-1931\" aria-expanded=\"false\">\n\t\t\t\t\t\t\t\t\t\t\t\t\t<span class=\"elementor-accordion-icon elementor-accordion-icon-left\" aria-hidden=\"true\">\n\t\t\t\t\t\t\t\t\t\t\t\t\t\t\t<span class=\"elementor-accordion-icon-closed\"><i class=\"fas fa-plus\"><\/i><\/span>\n\t\t\t\t\t\t\t\t<span class=\"elementor-accordion-icon-opened\"><i class=\"fas fa-minus\"><\/i><\/span>\n\t\t\t\t\t\t\t\t\t\t\t\t\t\t<\/span>\n\t\t\t\t\t\t\t\t\t\t\t\t<a class=\"elementor-accordion-title\" tabindex=\"0\">G\u0131da etiketleri neden \u00f6nemlidir?<\/a>\n\t\t\t\t\t<\/div>\n\t\t\t\t\t<div id=\"elementor-tab-content-1931\" class=\"elementor-tab-content elementor-clearfix\" data-tab=\"1\" role=\"region\" aria-labelledby=\"elementor-tab-title-1931\"><p>G\u0131da etiketleri, t\u00fcketicilere \u00fcr\u00fcn\u00fcn i\u00e7eri\u011fi, besin de\u011ferleri, son kullanma tarihi ve \u00fcretici bilgileri gibi \u00f6nemli bilgileri sa\u011flar, ayr\u0131ca yasal gerekliliklere uyumu g\u00f6sterir.<\/p><\/div>\n\t\t\t\t<\/div>\n\t\t\t\t\t\t\t<div class=\"elementor-accordion-item\">\n\t\t\t\t\t<div id=\"elementor-tab-title-1932\" class=\"elementor-tab-title\" data-tab=\"2\" role=\"button\" aria-controls=\"elementor-tab-content-1932\" aria-expanded=\"false\">\n\t\t\t\t\t\t\t\t\t\t\t\t\t<span class=\"elementor-accordion-icon elementor-accordion-icon-left\" aria-hidden=\"true\">\n\t\t\t\t\t\t\t\t\t\t\t\t\t\t\t<span class=\"elementor-accordion-icon-closed\"><i class=\"fas fa-plus\"><\/i><\/span>\n\t\t\t\t\t\t\t\t<span class=\"elementor-accordion-icon-opened\"><i class=\"fas fa-minus\"><\/i><\/span>\n\t\t\t\t\t\t\t\t\t\t\t\t\t\t<\/span>\n\t\t\t\t\t\t\t\t\t\t\t\t<a class=\"elementor-accordion-title\" tabindex=\"0\">G\u0131da etiketleri nas\u0131l \u00fcretilir?<\/a>\n\t\t\t\t\t<\/div>\n\t\t\t\t\t<div id=\"elementor-tab-content-1932\" class=\"elementor-tab-content elementor-clearfix\" data-tab=\"2\" role=\"region\" aria-labelledby=\"elementor-tab-title-1932\"><p>G\u0131da etiketleri, genellikle \u00f6zel ka\u011f\u0131t veya plastik malzemelerden \u00fcretilir ve suya, ya\u011fa ve di\u011fer g\u0131da maddelerine dayan\u0131kl\u0131 olmal\u0131d\u0131r. Bask\u0131 s\u00fcre\u00e7lerinde g\u0131da g\u00fcvenli\u011fi standartlar\u0131na uyulmas\u0131 \u00f6nemlidir.<\/p><\/div>\n\t\t\t\t<\/div>\n\t\t\t\t\t\t\t<div class=\"elementor-accordion-item\">\n\t\t\t\t\t<div id=\"elementor-tab-title-1933\" class=\"elementor-tab-title\" data-tab=\"3\" role=\"button\" aria-controls=\"elementor-tab-content-1933\" aria-expanded=\"false\">\n\t\t\t\t\t\t\t\t\t\t\t\t\t<span class=\"elementor-accordion-icon elementor-accordion-icon-left\" aria-hidden=\"true\">\n\t\t\t\t\t\t\t\t\t\t\t\t\t\t\t<span class=\"elementor-accordion-icon-closed\"><i class=\"fas fa-plus\"><\/i><\/span>\n\t\t\t\t\t\t\t\t<span class=\"elementor-accordion-icon-opened\"><i class=\"fas fa-minus\"><\/i><\/span>\n\t\t\t\t\t\t\t\t\t\t\t\t\t\t<\/span>\n\t\t\t\t\t\t\t\t\t\t\t\t<a class=\"elementor-accordion-title\" tabindex=\"0\">G\u0131da etiketlerinin avantajlar\u0131 nelerdir?<\/a>\n\t\t\t\t\t<\/div>\n\t\t\t\t\t<div id=\"elementor-tab-content-1933\" class=\"elementor-tab-content elementor-clearfix\" data-tab=\"3\" role=\"region\" aria-labelledby=\"elementor-tab-title-1933\"><p>G\u0131da etiketleri, t\u00fcketicilere g\u00fcvenli t\u00fcketim bilgileri sa\u011flar, \u00fcr\u00fcn\u00fcn tan\u0131t\u0131m\u0131n\u0131 yapar, marka g\u00fcvenilirli\u011fini art\u0131r\u0131r ve yasal gereklilikleri kar\u015f\u0131lar.<\/p><\/div>\n\t\t\t\t<\/div>\n\t\t\t\t\t\t\t\t<\/div>\n\t\t\t\t<\/div>\n\t\t\t\t<\/div>\n\t\t\t\t\t<\/div>\n\t\t<\/div>\n\t\t\t\t\t<\/div>\n\t\t<\/section>\n\t\t\t\t<section class=\"elementor-section elementor-top-section elementor-element elementor-element-3d1a476 elementor-section-boxed elementor-section-height-default elementor-section-height-default\" data-id=\"3d1a476\" data-element_type=\"section\">\n\t\t\t\t\t\t<div class=\"elementor-container elementor-column-gap-default\">\n\t\t\t\t\t<div class=\"elementor-column elementor-col-100 elementor-top-column elementor-element elementor-element-4c3f8db\" data-id=\"4c3f8db\" data-element_type=\"column\">\n\t\t\t<div class=\"elementor-widget-wrap elementor-element-populated\">\n\t\t\t\t\t\t<div class=\"elementor-element elementor-element-e19b8a0 elementor-widget elementor-widget-spacer\" data-id=\"e19b8a0\" data-element_type=\"widget\" data-widget_type=\"spacer.default\">\n\t\t\t\t<div class=\"elementor-widget-container\">\n\t\t\t\t\t<div class=\"elementor-spacer\">\n\t\t\t<div class=\"elementor-spacer-inner\"><\/div>\n\t\t<\/div>\n\t\t\t\t<\/div>\n\t\t\t\t<\/div>\n\t\t\t\t\t<\/div>\n\t\t<\/div>\n\t\t\t\t\t<\/div>\n\t\t<\/section>\n\t\t\t\t<\/div>\n\t\t","protected":false},"excerpt":{"rendered":"<p>GIDA \u015eirketimiz, g\u0131da sekt\u00f6r\u00fcnde kullan\u0131lan \u00e7e\u015fitli etiket \u00e7\u00f6z\u00fcmleri sunmaktad\u0131r. Su ve i\u00e7ecek etiketleri \u015earap, rak\u0131 etiketleri Tatl\u0131, \u015fekerleme, lokum etiketleri S\u00fct ve s\u00fct \u00fcr\u00fcnleri etiketleri Et ve et \u00fcr\u00fcnleri etiketleri [&hellip;]<\/p>\n","protected":false},"author":1,"featured_media":0,"parent":37,"menu_order":0,"comment_status":"closed","ping_status":"closed","template":"","meta":{"footnotes":""},"class_list":["post-197","page","type-page","status-publish","hentry"],"_links":{"self":[{"href":"https:\/\/cankoretiket4.flexyazilim.com.tr\/index.php\/wp-json\/wp\/v2\/pages\/197","targetHints":{"allow":["GET"]}}],"collection":[{"href":"https:\/\/cankoretiket4.flexyazilim.com.tr\/index.php\/wp-json\/wp\/v2\/pages"}],"about":[{"href":"https:\/\/cankoretiket4.flexyazilim.com.tr\/index.php\/wp-json\/wp\/v2\/types\/page"}],"author":[{"embeddable":true,"href":"https:\/\/cankoretiket4.flexyazilim.com.tr\/index.php\/wp-json\/wp\/v2\/users\/1"}],"replies":[{"embeddable":true,"href":"https:\/\/cankoretiket4.flexyazilim.com.tr\/index.php\/wp-json\/wp\/v2\/comments?post=197"}],"version-history":[{"count":4,"href":"https:\/\/cankoretiket4.flexyazilim.com.tr\/index.php\/wp-json\/wp\/v2\/pages\/197\/revisions"}],"predecessor-version":[{"id":781,"href":"https:\/\/cankoretiket4.flexyazilim.com.tr\/index.php\/wp-json\/wp\/v2\/pages\/197\/revisions\/781"}],"up":[{"embeddable":true,"href":"https:\/\/cankoretiket4.flexyazilim.com.tr\/index.php\/wp-json\/wp\/v2\/pages\/37"}],"wp:attachment":[{"href":"https:\/\/cankoretiket4.flexyazilim.com.tr\/index.php\/wp-json\/wp\/v2\/media?parent=197"}],"curies":[{"name":"wp","href":"https:\/\/api.w.org\/{rel}","templated":true}]}}